{"id":52,"date":"2018-01-20T00:21:49","date_gmt":"2018-01-19T23:21:49","guid":{"rendered":"https:\/\/koechliweber.myqnapcloud.com:6443\/wordpress\/?page_id=52"},"modified":"2026-01-28T19:15:59","modified_gmt":"2026-01-28T18:15:59","slug":"writings","status":"publish","type":"page","link":"https:\/\/gabrielleweber.ch\/index.php\/writings\/","title":{"rendered":"writings"},"content":{"rendered":"<p><strong>Fachzeitschriften \/ Buchpublikationen<\/strong><\/p>\n<p>&#171;Wenn schon, denn schon!&#187; Michael Wertm\u00fcller und &#8218;The Hammond Avantcore Trio&#8216; Steamboat SwitzerlandMichael, in: <a href=\"https:\/\/www.etk-muenchen.de\/search\/Details.aspx?PR=9783869162935&amp;SeriesID=09313311&amp;ISBN=9783967079692\">Sonderband Musik-Konzepte Michael Wertm\u00fcller<\/a>, Hg. Ulrich Tadday, Dezember 2024.<\/p>\n<p>&#171;Zeitgeno\u0308ssische Musik und Fernsehen \u2013 ein schwieriges Verha\u0308ltnis. Elita\u0308re Kunst trifft Massenmedium am Tonku\u0308nstlerfest in Lugano&#187;,\u00a0in: <a href=\"https:\/\/www.hkb-interpretation.ch\/fileadmin\/user_upload\/documents\/Publikationen\/Bd.17\/HKB17_Musicking-Collective.pdf\">Musicking Collective &#8211;\u00a0<\/a>Codierungen kollektiver Identita\u0308t in der zeitgeno\u0308ssischen Musikpraxis der Schweiz und ihrer Nachbarla\u0308nder, Hg. Leo Dick, Noe\u0301mie Favennec, Katelyn Rose King, red. Mitarbeit Daniel Allenbach, Juni 2024.<\/p>\n<p><em>Wir sind die Schamanen des 21. Jahrhunderts &#8211;<\/em>\u00a0Biennale Musica di Venezia 2020, Neue Zeitschrift f\u00fcr Musik (NZfM), <a href=\"https:\/\/gabrielleweber.ch\/wordpress\/wp-content\/uploads\/2021\/03\/NZfM_2020_6_S60-Biennale-Musica.pdf\">Nr.6, 2020(2021)<\/a><\/p>\n<p><em>Nachhaltige Pionierarbeit <\/em>&#8211; Das traditionsreiche Festival &#171;Neue Musik R\u00fcmlingen&#187; erscheint auch nach 30 Jahren keine Spur gealtert, Neue Zeitschrift f\u00fcr Musik (NZfM), <a href=\"https:\/\/gabrielleweber.ch\/wordpress\/wp-content\/uploads\/2021\/03\/BER_Ruemlingen_NZ_04_2020_WWW-16.pdf\">Nr.4, 2020<\/a><em><br \/>\n<\/em><br \/>\nDas<em> Gl\u00fcck des Ja-Sagens<\/em> &#8211; Patrick Frank als Kurator der Saison des Z\u00fcrcher Ensemble Tzara,\u00a0Neue Zeitschrift f\u00fcr Musik (NZfM), <a href=\"http:\/\/gabrielleweber.ch\/wordpress\/wp-content\/uploads\/2020\/09\/NZ_02_2020_B_Tzara_Weber.pdf\">Nr. 2, 2020<\/a><\/p>\n<p><em>Musikerlebnisse in der Natur<\/em> &#8211; Das Festival Neue Musik R\u00fcmlingen zu Besuch im Engadin,\u00a0Neue Zeitschrift f\u00fcr Musik (NZfM), <a href=\"http:\/\/gabrielleweber.ch\/wordpress\/wp-content\/uploads\/2020\/09\/NZ_201905_Weber.pdf\">Nr. 5, 2019<\/a><\/p>\n<p><em>Die sieben Leben des Maximilian<\/em> &#8211; Festival f\u00fcr aktuelles Musiktheater an sieben Orten: Tiroler Volks- und Landschaftsopern als Beteiligungsprojekte, Neue Zeitschrift f\u00fcr Musik (NZfM), <a href=\"http:\/\/gabrielleweber.ch\/wordpress\/wp-content\/uploads\/2020\/09\/NZ_0201904_Weber.pdf\">Nr. 4, 2019<\/a><em>\u00a0<\/em><\/p>\n<p><em>Archip-elles<\/em> &#8211; le f\u00e9minin pluriel am Genfer Festival f\u00fcr zeitgen\u00f6ssische Musik 2019, Neue Zeitschrift f\u00fcr Musik (NZfM), <a href=\"http:\/\/gabrielleweber.ch\/wordpress\/wp-content\/uploads\/2020\/09\/NZfM_201903_Weber-1.pdf\">Nr.3, 2019<\/a><\/p>\n<p><em>Nachdenken \u00fcber Klang<\/em>&#8230; &#8211; Interview mit der Komponistin Cathy van Eck, positionen. Texte zur aktuellen Musik <a href=\"http:\/\/gabrielleweber.ch\/wordpress\/wp-content\/uploads\/2020\/09\/positionen-114_Nachdenken-\u00fcber-den-Klang.pdf\">114, Februar 2018<\/a><\/p>\n<p class=\"paragraph_style\"><em>Vinko Globokars Werk unter der Lupe &#8211;\u00a0<\/em>Symposium an der Z\u00fcrcher Hochschule der K\u00fcnste,\u00a0<a href=\"https:\/\/www.musikzeitung.ch\/de\/berichte\/tagungen\/2017\/globokar-symposium-zhdk.html#.WmHrbSOX86h\">Schweizer Musikzeitung 21.12.2017<\/a> (online)<\/p>\n<p class=\"paragraph_style\"><em>Body Sounds<span style=\"font-weight: 600;\">\u00a0&#8211;\u00a0<\/span><\/em>Aspekte des K\u00f6rperlichen in der Musik der Gegenwart<br \/>\n<a href=\"http:\/\/gabrielleweber.ch\/wordpress\/wp-content\/uploads\/2020\/09\/dissonance-140_48_buch_gw_bodysounds.pdf\">dissonance 140, Dezember 2017<\/a><\/p>\n<p class=\"paragraph_style\"><em>Aus alt mach neu &#8211;\u00a0<\/em>Die Tage f\u00fcr Neue Musik Z\u00fcrich werden zur Biennale.<br \/>\n<a href=\"https:\/\/swissmusic.ch\/de\/lesen\/aus-alt-mach-neu\/\">Swissmusic.ch\u00a0 2.11.2017<\/a> (online)<\/p>\n<p class=\"paragraph_style\"><em>clash! oder mash? &#8211;\u00a0<\/em>71. Fr\u00fchjahrstagung Darmstadt<br \/>\npositionen. Texte zur aktuellen Musik <a href=\"http:\/\/gabrielleweber.ch\/wordpress\/wp-content\/uploads\/2020\/09\/112_clash_56-57.pdf\">112, August 2017<\/a><\/p>\n<p class=\"paragraph_style\"><em>Between Air and Electricity &#8211; Cathy van Eck.\u00a0<\/em>Buchbesprechung,<br \/>\npositionen. Texte zur aktuellen Musik <a href=\"http:\/\/gabrielleweber.ch\/Soprano\/Gabrielle_Weber_-_writings_files\/positionen%20112_weber_between%20air%20and%20electricity.pdf\">112, August 2017<\/a><\/p>\n<p class=\"paragraph_style\"><em>Rache um Rache, Mord um Mord &#8211;\u00a0<\/em>\u00abOresteia\u00bb (nach Aischylos) von Iannis Xenakis am Theater Basel,\u00a0Neue Zeitschrift f\u00fcr Musik (NZfM), <a href=\"http:\/\/gabrielleweber.ch\/Soprano\/Gabrielle_Weber_-_writings_files\/NZfM_2017_4_S67Basel.pdf\">Nr. 4, 2017<\/a><\/p>\n<p class=\"paragraph_style\"><em>Clash! oder Mash? &#8211;\u00a0<\/em>Fr\u00fchjahrstagung und Konzerte des INMM Darmstadt<br \/>\n<a href=\"http:\/\/www.musikzeitung.ch\/de\/berichte\/tagungen\/2017\/fruehjahrstagung-darmstadt.html#.WWh65sb5w6h\">Schweizer Musikzeitung 18.04.2017<\/a> (online)<\/p>\n<p class=\"paragraph_style\"><em>Ohne Klischees betrachtet &#8211;\u00a0<\/em>Vision\u00e4re Vielfalt in Iannis Xenakis\u02bc musikalischem \u0152uvre<br \/>\n<a href=\"https:\/\/www.musikzeitung.ch\/de\/berichte\/tagungen\/2017\/xenakis-symposium-zhdk.html#.WWh50Mb5w6j\">Schweizer Musikzeitung, Nr. 4, 2017<\/a><\/p>\n<p class=\"paragraph_style\"><em>Das Nichth\u00f6rbare h\u00f6rbar machen &#8211;\u00a0<\/em>Eine Tagung mit Auff\u00fchrungen widmet sich Alvin Lucier an der Z\u00fcrcher Hochschule der K\u00fcnste (ZHdK) alvin lucier 85th birthday festival, 10.-14.10. 2016,\u00a0Neue Zeitschrift f\u00fcr Musik (NZfM), <a href=\"http:\/\/gabrielleweber.ch\/Soprano\/Gabrielle_Weber_-_writings_files\/NZfM%202017_1_Weber-Lucier.pdf\">Nr. 1, 2017<\/a><\/p>\n<p class=\"paragraph_style\"><em>K\u00fcnstler m\u00fcssen Wilderer sein&#8230; &#8211;\u00a0<\/em>Die Tagung Excess im Rahmen der Darmst\u00e4dter Ferienkurse \/\u00a0Excess &#8211; Forum for Philosophy and Art, Internationale Ferienkurse f\u00fcr Neue Musik Darmstadt, 4.-7.8.2016,\u00a0Neue Zeitschrift f\u00fcr Musik (NZfM), Nr. <a href=\"http:\/\/gabrielleweber.ch\/Soprano\/Gabrielle_Weber_-_writings_files\/NZfM_05_2016_IMD%20_Weber-Wilderer.pdf\">5, 2016<\/a><\/p>\n<p class=\"paragraph_style\"><em>Mark Barden, Monoliths:\u00a0<\/em>CD-Besprechung<br \/>\n<a href=\"http:\/\/gabrielleweber.ch\/wordpress\/wp-content\/uploads\/2020\/09\/dissonance-Barden_09_2016-1.pdf\">dissonance 135, September 2016<\/a><\/p>\n<p class=\"paragraph_style\"><em>Viele Schwellen \u00fcberschritten &#8211;\u00a0<\/em>Die M\u00fcnchener Biennale unter dem Titel \u201eOmU\u201c<br \/>\nM\u00fcnchener Biennale &#8211; Festival f\u00fcr Neues Musiktheater (2.-5.6.2016)<br \/>\n<a href=\"https:\/\/www.musikzeitung.ch\/de\/berichte\/konzerte-festivals\/2016\/muenchener-biennale.html#.WJdKx4UiJRl\">Schweizer Musikzeitung, 17.6.2016<\/a><\/p>\n<p class=\"paragraph_style\"><em>Selbstreflexion &#8211;\u00a0<\/em>Das begleitende Symposium zur M\u00fcnchener Biennale<br \/>\nM\u00fcnchener Biennale &#8211; Festival f\u00fcr Neues Musiktheater (2.-5.6.2016)<br \/>\nNeue Zeitschrift f\u00fcr Musik (NZfM), <a href=\"http:\/\/gabrielleweber.ch\/Soprano\/Gabrielle_Weber_-_writings_files\/NZfM%2004_2016_64_Weber-Mu%CC%88nchen.pdf\">Nr. 4, 2016<\/a><\/p>\n<p class=\"paragraph_style\"><em>Frisch und leichtf\u00fcssig &#8211;\u00a0<\/em>Lydia Steier inszeniert Stockhausens \u201eDonnerstag\u201c (aus \u201eLicht\u201c) am Theater Basel,\u00a0Neue Zeitschrift f\u00fcr Musik (NZfM), <a href=\"http:\/\/gabrielleweber.ch\/Soprano\/Gabrielle_Weber_-_writings_files\/NZfM_05_2016_Weber-Basel.pdf\">Nr. 5, 2016<\/a><\/p>\n<p class=\"paragraph_style\"><em>Magische und individuelle Zeitschichtungen &#8211;\u00a0<\/em>Perspektiven der Musik G\u00e9rard Griseys an der ZHdK.\u00a0Symposium ZHdK und Konzert Tonhalle, 22.4.2016<br \/>\n<a href=\"https:\/\/www.musikzeitung.ch\/de\/berichte\/tagungen\/2016\/grisey.html#.WJdLW4UiJRk\">Schweizer Musikzeitung (SMZ), 25.5.2016<\/a><em><br \/>\n<\/em><\/p>\n<p><strong>Sonstige Texte<\/strong><\/p>\n<p class=\"paragraph_style\"><em><a href=\"https:\/\/www.garedunord.ch\/spezial\/klanglieferservice\">Corona-Klanglieferservice Gare du Nord<\/a>, Bahnhof f\u00fcr Neue Musik Basel:<br \/>\nSechs Klangtipps,\u00a03.4.-18.6.2020:<br \/>\nAntoine Chessex: \u00e9cho\/cide<br \/>\nJohn Cage: Water Walk<br \/>\nGy\u00f6rg Ligeti: Po\u00e8me Symphonique pour 100 M\u00e9tronomes<br \/>\nJanet Cardiff: The forty part motet<br \/>\nC\u00e9cile Marti: Forming Sculpture &#8211; Sculpting Process<br \/>\nChristian Marclay: The Clock \u00a0<\/em><\/p>\n<p><a href=\"http:\/\/gabrielleweber.ch\/wordpress\/wp-content\/uploads\/2020\/09\/Labeling-Diskursanalyse-GWeber.pdf\"><em>Neuer Realismus<\/em><\/a> &#8211; eine Debatte zum Labeling in der klassischen Gegenwartsmusik: Verst\u00e4ndigungsbasis oder Deutungshoheit und Positionierung? Fallanalyse\/Diskursanalyse, Angewandte Kulturwissenschaft ZHdK 2017<\/p>\n<p><em><a href=\"http:\/\/www.kultur-vermittlung.ch\/zeit-fuer-vermittlung\">Zeit f\u00fcr Vermitteln<\/a> &#8211;<\/em> <em>Perspektivwechsel Musik<\/em> u.a., online-Publikation \/ Pro Helvetia &amp;BAK 2013<\/p>\n<p class=\"paragraph_style\"><em><a href=\"http:\/\/gabrielleweber.ch\/Soprano\/Gabrielle_Weber_-_writings_files\/Interview%20Alex%20Ross.pdf\">Alex Ross im Interview<\/a> mit Brandon Farnsworth<\/em><br \/>\n(\u00dcbersetzung Englisch &#8211; Deutsch)<br \/>\n<a title=\"Gabrielle_Weber_-_writings_files\/Interview Alex Ross.pdf\" href=\"http:\/\/gabrielleweber.ch\/Soprano\/Gabrielle_Weber_-_writings_files\/Interview%20Alex%20Ross.pdf\">full text (pdf)<\/a><\/p>\n","protected":false},"excerpt":{"rendered":"<p>Fachzeitschriften \/ Buchpublikationen &#171;Wenn schon, denn schon!&#187; Michael Wertm\u00fcller und &#8218;The Hammond Avantcore Trio&#8216; Steamboat SwitzerlandMichael, in: Sonderband Musik-Konzepte Michael Wertm\u00fcller, Hg. Ulrich Tadday, Dezember 2024. &#171;Zeitgeno\u0308ssische Musik und Fernsehen \u2013 ein schwieriges Verha\u0308ltnis. Elita\u0308re Kunst trifft Massenmedium am Tonku\u0308nstlerfest in Lugano&#187;,\u00a0in: Musicking Collective &#8211;\u00a0Codierungen kollektiver Identita\u0308t in der zeitgeno\u0308ssischen Musikpraxis der Schweiz und ihrer &hellip; <\/p>\n<p class=\"link-more\"><a href=\"https:\/\/gabrielleweber.ch\/index.php\/writings\/\" class=\"more-link\"><span class=\"screen-reader-text\">&#171;writings&#187;<\/span> weiterlesen<\/a><\/p>\n","protected":false},"author":1,"featured_media":0,"parent":0,"menu_order":0,"comment_status":"closed","ping_status":"closed","template":"","meta":{"footnotes":""},"class_list":["post-52","page","type-page","status-publish","hentry"],"_links":{"self":[{"href":"https:\/\/gabrielleweber.ch\/index.php\/wp-json\/wp\/v2\/pages\/52","targetHints":{"allow":["GET"]}}],"collection":[{"href":"https:\/\/gabrielleweber.ch\/index.php\/wp-json\/wp\/v2\/pages"}],"about":[{"href":"https:\/\/gabrielleweber.ch\/index.php\/wp-json\/wp\/v2\/types\/page"}],"author":[{"embeddable":true,"href":"https:\/\/gabrielleweber.ch\/index.php\/wp-json\/wp\/v2\/users\/1"}],"replies":[{"embeddable":true,"href":"https:\/\/gabrielleweber.ch\/index.php\/wp-json\/wp\/v2\/comments?post=52"}],"version-history":[{"count":0,"href":"https:\/\/gabrielleweber.ch\/index.php\/wp-json\/wp\/v2\/pages\/52\/revisions"}],"wp:attachment":[{"href":"https:\/\/gabrielleweber.ch\/index.php\/wp-json\/wp\/v2\/media?parent=52"}],"curies":[{"name":"wp","href":"https:\/\/api.w.org\/{rel}","templated":true}]}}